{"id":3826,"date":"2022-02-01T23:46:03","date_gmt":"2022-02-01T23:46:03","guid":{"rendered":"https:\/\/centrodocumental.corape.org.ec\/?page_id=3826"},"modified":"2022-02-02T00:04:25","modified_gmt":"2022-02-02T00:04:25","slug":"centro-de-documentacion","status":"publish","type":"page","link":"https:\/\/centrodocumental.corape.org.ec\/index.php\/centro-de-documentacion\/","title":{"rendered":"Centro de Documentaci\u00f3n"},"content":{"rendered":"<div id='full_slider_1'  class='avia-fullwidth-slider main_color avia-shadow   avia-builder-el-0  el_before_av_one_full  avia-builder-el-first   container_wrap sidebar_right'  ><div   data-size='featured'  data-lightbox_size='large'  data-animation='slide'  data-conditional_play=''  data-ids='3824,3823'  data-video_counter='0'  data-autoplay='false'  data-bg_slider='false'  data-slide_height=''  data-handle='av_slideshow_full'  data-interval='5'  data-class=' '  data-el_id=''  data-css_id=''  data-scroll_down=''  data-control_layout='av-control-default'  data-custom_markup=''  data-perma_caption=''  data-autoplay_stopper=''  data-image_attachment=''  data-min_height='0px'  data-lazy_loading='disabled'  data-src=''  data-position='top left'  data-repeat='no-repeat'  data-attach='scroll'  data-stretch=''  data-img_scrset=''  data-default-height='28.666666666667'  class='avia-slideshow avia-slideshow-1  av-control-default av-default-height-applied avia-slideshow-featured av_slideshow_full   avia-slide-slider '  itemprop=\"image\" itemscope=\"itemscope\" itemtype=\"https:\/\/schema.org\/ImageObject\" ><ul class='avia-slideshow-inner ' style='padding-bottom: 28.666666666667%;' ><li  class=' slide-1 ' ><div data-rel='slideshow-1' class='avia-slide-wrap '   ><img decoding=\"async\" class=\"wp-image-3824 avia-img-lazy-loading-not-3824\"  src=\"https:\/\/centrodocumental.corape.org.ec\/wp-content\/uploads\/2022\/02\/2-1500x430.jpg\" width=\"1500\" height=\"430\" title='2' alt=''  itemprop=\"thumbnailUrl\"   \/><\/div><\/li><li  class=' slide-2 ' ><div data-rel='slideshow-1' class='avia-slide-wrap '   ><img decoding=\"async\" class=\"wp-image-3823 avia-img-lazy-loading-not-3823\"  src=\"https:\/\/centrodocumental.corape.org.ec\/wp-content\/uploads\/2022\/02\/1-1500x430.jpg\" width=\"1500\" height=\"430\" title='1' alt=''  itemprop=\"thumbnailUrl\"   \/><\/div><\/li><\/ul><div class='avia-slideshow-arrows avia-slideshow-controls' ><a href='#prev' class='prev-slide ' aria-hidden='true' data-av_icon='\ue87c' data-av_iconfont='entypo-fontello'  tabindex='-1'>Anterior<\/a><a href='#next' class='next-slide ' aria-hidden='true' data-av_icon='\ue87d' data-av_iconfont='entypo-fontello'  tabindex='-1'>Posterior<\/a><\/div><div class='avia-slideshow-dots avia-slideshow-controls'><a href='#1' class='goto-slide active' >1<\/a><a href='#2' class='goto-slide ' >2<\/a><\/div><\/div><\/div><div id='after_full_slider_1'  class='main_color av_default_container_wrap container_wrap sidebar_right'  ><div class='container av-section-cont-open' ><div class='template-page content  av-content-small alpha units'><div class='post-entry post-entry-type-page post-entry-3826'><div class='entry-content-wrapper clearfix'>\n<div class='flex_column av-6vmzm-e2a349eb6024005906be198e8c49504a av_one_full  avia-builder-el-1  el_after_av_slideshow_full  avia-builder-el-no-sibling  first flex_column_div '   ><section  class='av_textblock_section av-kz4rrgyd-ccc5429ca5385e2bdd0df7f2d5946dcb'  itemscope=\"itemscope\" itemtype=\"https:\/\/schema.org\/CreativeWork\" ><div class='avia_textblock'  itemprop=\"text\" ><h3 style=\"text-align: justify;\">\u00bfQu\u00e9 es el centro de Documentaci\u00f3n?<\/h3>\n<p style=\"text-align: justify;\">Este centro de documentaci\u00f3n es una iniciativa de la Coordinadora de Radios Populares y Educativas del Ecuador. Ha\u00a0sido creado para difundir, preservar y visibilizar las producciones acad\u00e9micas, audiovisuales, fotogr\u00e1ficas y orales producidos por diferentes instituciones p\u00fablicas y privadas, organizaciones sociales, medios de comunicaci\u00f3n comunitarios y organizaciones ind\u00edgenas\u00a0que buscan fortalecer la presencia de los Pueblos y Nacionalidades en el Ecuador.<\/p>\n<p style=\"text-align: justify;\">El centro de documentaci\u00f3n se establece como un servicio en l\u00ednea, de acceso libre y gratuito.<\/p>\n<h4 style=\"text-align: justify;\">\u00bfPara qu\u00e9 sirve?<\/h4>\n<p style=\"text-align: justify;\">Esta iniciativa busca concentrar los diversos productos que hacen referencia a Pueblos y Nacionalidades del Ecuador con el objetivo de visibilizar desde la producci\u00f3n de conocimientos y sabidur\u00edas a los pueblos originarios.<\/p>\n<h4 style=\"text-align: justify;\">\u00bfQui\u00e9nes colaboran?<\/h4>\n<p style=\"text-align: justify;\">En principio colaboran los medios de comunicaci\u00f3n y centros de producci\u00f3n comunitarios directamente vinculados a procesos de desarrollo social con sus radios afiliadas y otras organizaciones de comunicaci\u00f3n afines, as\u00ed como organizaciones regionales de Pueblos y Nacionalidades del pa\u00eds.<\/p>\n<h4 style=\"text-align: justify;\">\u00bfQu\u00e9 documentos contiene?<\/h4>\n<p style=\"text-align: justify;\">El centro de documentaci\u00f3n est\u00e1 integrado por tres sitios:<\/p>\n<div class=\"row\">\n<div class=\"col-sm-12 col-md-2 col-lg-2\" style=\"text-align: justify;\">\n<\/div>\n<div class=\"col-sm-12 col-md-4 col-lg-10\">\n<ol>\n<li style=\"text-align: justify;\">Multimedia dedicada a recopilar la informaci\u00f3n generada por los medios de comunicaci\u00f3n y comunicadores comunitarios y recoge audios, fotograf\u00edas y producci\u00f3n audiovisual.<\/li>\n<li style=\"text-align: justify;\">Biblioteca que paulatinamente contendr\u00e1 informaci\u00f3n de los 18 pueblos y 14 nacionalidades ind\u00edgenas, as\u00ed como del pueblo afro y montubio, que recoge las producciones generadas con sentido acad\u00e9mico, incluye la informaci\u00f3n general de cada Pueblo y Nacionalidad y publicaciones como textos, revistas y tesis.<\/li>\n<li style=\"text-align: justify;\">Otros repositorios y organizaciones que contiene los links a otros repositorios acad\u00e9micos y a organizaciones que producen contenido que fortalece la presencia de pueblos y nacionalidades en el pa\u00eds.<\/li>\n<\/ol>\n<\/div>\n<\/div>\n<\/div><\/section><\/div>\n","protected":false},"excerpt":{"rendered":"AnteriorPosterior12 \u00bfQu\u00e9 es el centro de Documentaci\u00f3n? Este centro de documentaci\u00f3n es una iniciativa de la Coordinadora de Radios Populares y Educativas del Ecuador. Ha\u00a0sido creado para difundir, preservar y visibilizar las producciones acad\u00e9micas, audiovisuales, fotogr\u00e1ficas y orales producidos por diferentes instituciones p\u00fablicas y privadas, organizaciones sociales, medios de comunicaci\u00f3n comunitarios y organizaciones ind\u00edgenas\u00a0que buscan [...]","protected":false},"author":1,"featured_media":0,"parent":0,"menu_order":0,"comment_status":"closed","ping_status":"closed","template":"","meta":{"footnotes":""},"class_list":["post-3826","page","type-page","status-publish","hentry"],"_links":{"self":[{"href":"https:\/\/centrodocumental.corape.org.ec\/index.php\/wp-json\/wp\/v2\/pages\/3826","targetHints":{"allow":["GET"]}}],"collection":[{"href":"https:\/\/centrodocumental.corape.org.ec\/index.php\/wp-json\/wp\/v2\/pages"}],"about":[{"href":"https:\/\/centrodocumental.corape.org.ec\/index.php\/wp-json\/wp\/v2\/types\/page"}],"author":[{"embeddable":true,"href":"https:\/\/centrodocumental.corape.org.ec\/index.php\/wp-json\/wp\/v2\/users\/1"}],"replies":[{"embeddable":true,"href":"https:\/\/centrodocumental.corape.org.ec\/index.php\/wp-json\/wp\/v2\/comments?post=3826"}],"version-history":[{"count":4,"href":"https:\/\/centrodocumental.corape.org.ec\/index.php\/wp-json\/wp\/v2\/pages\/3826\/revisions"}],"predecessor-version":[{"id":3842,"href":"https:\/\/centrodocumental.corape.org.ec\/index.php\/wp-json\/wp\/v2\/pages\/3826\/revisions\/3842"}],"wp:attachment":[{"href":"https:\/\/centrodocumental.corape.org.ec\/index.php\/wp-json\/wp\/v2\/media?parent=3826"}],"curies":[{"name":"wp","href":"https:\/\/api.w.org\/{rel}","templated":true}]}}